{"id":524,"date":"2022-04-08T12:43:43","date_gmt":"2022-04-08T05:43:43","guid":{"rendered":"https:\/\/omahsinau.science\/home\/?page_id=524"},"modified":"2022-06-09T18:55:41","modified_gmt":"2022-06-09T11:55:41","slug":"semua-post","status":"publish","type":"page","link":"https:\/\/omahsinau.science\/home\/semua-post\/","title":{"rendered":"Semua Post"},"content":{"rendered":"<ul class=\"wp-block-latest-posts__list wp-block-latest-posts\"><li><a class=\"wp-block-latest-posts__post-title\" href=\"https:\/\/omahsinau.science\/home\/blog\/2026\/01\/08\/coronavirus-disease-2026\/\">Coronavirus disease 2026<\/a><\/li>\n<li><a class=\"wp-block-latest-posts__post-title\" href=\"https:\/\/omahsinau.science\/home\/blog\/2026\/01\/08\/thng-ln-mi-ngay-bi-quyt-gia-nhp-cng-ng-mcw-ng-ky\/\">Th\u1eafng L\u1edbn M\u1ed7i Ng\u00e0y B\u00ed Quy\u1ebft Gia Nh\u1eadp C\u1ed9ng \u0110\u1ed3ng mcw \u0111\u0103ng k\u00fd v\u00e0 N\u00e2ng T\u1ea7m Gi\u1ea3i Tr\u00ed C\u1ee7a B\u1ea1n!<\/a><\/li>\n<li><a class=\"wp-block-latest-posts__post-title\" href=\"https:\/\/omahsinau.science\/home\/blog\/2026\/01\/08\/soar-past-limits-amplify-your-payouts-with-avia-12\/\">Soar Past Limits Amplify Your Payouts with avia masters \u2013 Secure Multipliers Up to 250x Before the C<\/a><\/li>\n<li><a class=\"wp-block-latest-posts__post-title\" href=\"https:\/\/omahsinau.science\/home\/blog\/2026\/01\/08\/kham-pha-v-tr-gii-tri-mcw-casino-online-cng-vao-th\/\">Kh\u00e1m Ph\u00e1 V\u0169 Tr\u1ee5 Gi\u1ea3i Tr\u00ed MCW Casino Online \u2013 C\u1ed5ng V\u00e0o Th\u1ebf Gi\u1edbi May M\u1eafn, \u0110\u1ea7y \u1eafp \u01b0u \u0111\u00e3i v\u00e0 c\u01a1 h\u1ed9i chi\u1ebf<\/a><\/li>\n<li><a class=\"wp-block-latest-posts__post-title\" href=\"https:\/\/omahsinau.science\/home\/blog\/2026\/01\/08\/zkus-tsti-s-kueci-expedici-chicken-road-game\/\">Zkus \u0161t\u011bst\u00ed s ku\u0159ec\u00ed expedic\u00ed Chicken Road game casino nab\u00edz\u00ed adrenalinovou j\u00edzdu za rostouc\u00edmi v\u00fdhr<\/a><\/li>\n<li><a class=\"wp-block-latest-posts__post-title\" href=\"https:\/\/omahsinau.science\/home\/blog\/2026\/01\/08\/zabavne-kaskady-a-lakave-vyhry-pro-si-zamilujete\/\">Z\u00e1bavn\u00e9 kask\u00e1dy a l\u00e1kav\u00e9 v\u00fdhry Pro\u010d si zamilujete vzru\u0161en\u00ed z plinko hazardu.<\/a><\/li>\n<li><a class=\"wp-block-latest-posts__post-title\" href=\"https:\/\/omahsinau.science\/home\/blog\/2026\/01\/08\/levasion-digitale-parfaite-avis-betify-votre\/\">L\u00c9vasion Digitale Parfaite  Avis Betify, Votre Passeport pour des Sensations Fortes et des Opportuni<\/a><\/li>\n<li><a class=\"wp-block-latest-posts__post-title\" href=\"https:\/\/omahsinau.science\/home\/blog\/2026\/01\/08\/embrace-freedom-play-your-way-with-a-non-gamstop-18\/\">Embrace Freedom Play Your Way with a non gamstop casino UK &#038; Experience Limitless Rewards.<\/a><\/li>\n<li><a class=\"wp-block-latest-posts__post-title\" href=\"https:\/\/omahsinau.science\/home\/blog\/2026\/01\/08\/lemerveillement-ludique-votre-prochaine-aventure\/\">L\u00e9merveillement ludique  Votre prochaine aventure commence chez betify casino et promet des sensatio<\/a><\/li>\n<li><a class=\"wp-block-latest-posts__post-title\" href=\"https:\/\/omahsinau.science\/home\/blog\/2026\/01\/07\/mostbet-az-bukmeker-ve-kazino-mostbet-giri-rsmi-1328\/\">Mostbet AZ &#8211; bukmeker ve kazino Mostbet Giri rsmi sayt.6244<\/a><\/li>\n<li><a class=\"wp-block-latest-posts__post-title\" href=\"https:\/\/omahsinau.science\/home\/blog\/2025\/12\/10\/ap-h-polnoe-rukovodstvo-po-ego-znacheniju-i\/\">\u0410\u043f \u0445: \u041f\u043e\u043b\u043d\u043e\u0435 \u0440\u0443\u043a\u043e\u0432\u043e\u0434\u0441\u0442\u0432\u043e \u043f\u043e \u0435\u0433\u043e \u0437\u043d\u0430\u0447\u0435\u043d\u0438\u044e \u0438 \u043f\u0440\u0438\u043c\u0435\u043d\u0435\u043d\u0438\u044e 1485<\/a><\/li>\n<li><a class=\"wp-block-latest-posts__post-title\" href=\"https:\/\/omahsinau.science\/home\/blog\/2025\/10\/21\/menjelajah-tata-surya-bersama-mitra-belajar-ipa-jadi-seru-dan-bermakna\/\">Menjelajah Tata Surya Bersama MITRA: Belajar IPA Jadi Seru dan Bermakna<\/a><\/li>\n<li><a class=\"wp-block-latest-posts__post-title\" href=\"https:\/\/omahsinau.science\/home\/blog\/2025\/09\/26\/ensuring-fair-play-the-critical-role-of-accurate-mobile-game-performance-in-game-testing-and-player-experience\/\">Ensuring Fair Play: The Critical Role of Accurate Mobile Game Performance in Game Testing and Player Experience<\/a><\/li>\n<li><a class=\"wp-block-latest-posts__post-title\" href=\"https:\/\/omahsinau.science\/home\/blog\/2025\/08\/27\/casino-en-ligne-france-guide\/\">Casino en ligne France : guide<\/a><\/li>\n<li><a class=\"wp-block-latest-posts__post-title\" href=\"https:\/\/omahsinau.science\/home\/blog\/2025\/07\/28\/metode-penelitian-yang-hidup-dalam-darah-peneliti\/\">Metode Penelitian yang hidup dalam darah peneliti<\/a><\/li>\n<li><a class=\"wp-block-latest-posts__post-title\" href=\"https:\/\/omahsinau.science\/home\/blog\/2025\/06\/16\/menerapkan-pembelajaran-mendalam-jalan-indonesia-menuju-pendidikan-bermutu-untuk-semua\/\">Menerapkan Pembelajaran Mendalam: Jalan Indonesia Menuju Pendidikan Bermutu untuk Semua<\/a><\/li>\n<li><a class=\"wp-block-latest-posts__post-title\" href=\"https:\/\/omahsinau.science\/home\/blog\/2025\/06\/13\/jiwa-bangsa-menyelamatkan-pendidikan-karakter-dari-kebijakan-ke-praktik\/\">Jiwa Bangsa: Menyelamatkan Pendidikan Karakter dari Kebijakan ke Praktik<\/a><\/li>\n<li><a class=\"wp-block-latest-posts__post-title\" href=\"https:\/\/omahsinau.science\/home\/blog\/2025\/06\/09\/mengapa-pancasila-dan-literasi-digital-adalah-dua-pondasi-utama-indonesia-di-arus-society-5-0\/\">MENGAPA PANCASILA DAN LITERASI DIGITAL ADALAH DUA PONDASI UTAMA INDONESIA DI ERA SOCIETY 5.0<\/a><\/li>\n<li><a class=\"wp-block-latest-posts__post-title\" href=\"https:\/\/omahsinau.science\/home\/blog\/2025\/06\/05\/menavigasi-badai-digital-mengapa-pendidikan-karakter-penting-bagi-generasi-z-indonesia\/\">Menavigasi Badai Digital: Mengapa Pendidikan Karakter Penting bagi Generasi Z Indonesia<\/a><\/li>\n<li><a class=\"wp-block-latest-posts__post-title\" href=\"https:\/\/omahsinau.science\/home\/blog\/2025\/06\/02\/menavigasi-arus-merancang-arah-untuk-pendidikan-islam-terpadu-di-indonesia\/\">Menavigasi Arus: Merancang Arah untuk Pendidikan Islam Terpadu di Indonesia<\/a><\/li>\n<li><a class=\"wp-block-latest-posts__post-title\" href=\"https:\/\/omahsinau.science\/home\/blog\/2025\/01\/13\/deep-learning-kurmer-dikotomi-kah\/\">Deep Learning &amp; Kurmer, DIKOTOMI kah ???<\/a><\/li>\n<li><a class=\"wp-block-latest-posts__post-title\" href=\"https:\/\/omahsinau.science\/home\/blog\/2023\/08\/25\/vavada-casino\/\">Vavada Casino<\/a><\/li>\n<li><a class=\"wp-block-latest-posts__post-title\" href=\"https:\/\/omahsinau.science\/home\/blog\/2023\/06\/30\/pelatihan-scretch-untuk-pemula\/\">Pelatihan Scretch untuk pemula<\/a><\/li>\n<li><a class=\"wp-block-latest-posts__post-title\" href=\"https:\/\/omahsinau.science\/home\/blog\/2022\/12\/31\/pendidikan-kemarin-dan-esok\/\">PENDIDIKAN &#8216;KEMARIN&#8217; DAN &#8216;ESOK&#8217;<\/a><\/li>\n<li><a class=\"wp-block-latest-posts__post-title\" href=\"https:\/\/omahsinau.science\/home\/blog\/2022\/07\/16\/aksi-nyata-3-3-pengelolaan-program-yang-berdampak-pada-murid\/\">AKSI NYATA 3.3 Pengelolaan Program yang Berdampak pada Murid<\/a><\/li>\n<li><a class=\"wp-block-latest-posts__post-title\" href=\"https:\/\/omahsinau.science\/home\/blog\/2022\/06\/14\/demonstrasi-kontekstual-modul-3-3-pengelolaan-program-yang-berdampak-pada-murid\/\">DEMONSTRASI KONTEKSTUAL Modul 3.3 &#8211; Pengelolaan Program Yang Berdampak Pada Murid<\/a><\/li>\n<li><a class=\"wp-block-latest-posts__post-title\" href=\"https:\/\/omahsinau.science\/home\/blog\/2022\/06\/10\/refleksi-terbimbing-modul-3-3pengelolaan-program-yang-berdampak-pada-murid\/\">Refleksi Terbimbing Modul 3.3~Pengelolaan Program yang Berdampak pada Murid<\/a><\/li>\n<li><a class=\"wp-block-latest-posts__post-title\" href=\"https:\/\/omahsinau.science\/home\/blog\/2022\/06\/07\/aksi-nyata-modul-3-1pengambilan-keputusan-sebagai-pemimpin-pembelajaran\/\">AKSI NYATA MODUL 3.1~Pengambilan Keputusan Sebagai Pemimpin Pembelajaran<\/a><\/li>\n<li><a class=\"wp-block-latest-posts__post-title\" href=\"https:\/\/omahsinau.science\/home\/blog\/2022\/06\/06\/best-personality-membuat-keputusan-yang-baik-dan-benar\/\">BEST PERSONALITY &#8211; &#8220;Membuat Keputusan yang Baik dan Benar&#8221;<\/a><\/li>\n<li><a class=\"wp-block-latest-posts__post-title\" href=\"https:\/\/omahsinau.science\/home\/blog\/2022\/06\/06\/koneksi-antar-materi-modul-3-2\/\">KONEKSI ANTAR MATERI MODUL 3.2<\/a><\/li>\n<li><a class=\"wp-block-latest-posts__post-title\" href=\"https:\/\/omahsinau.science\/home\/blog\/2022\/04\/30\/koneksi-antar-materi-pengambilan-keputusan-pemimpin-pembelajaran\/\">Koneksi Antar Materi &#8211; Pengambilan Keputusan Pemimpin Pembelajaran<\/a><\/li>\n<li><a class=\"wp-block-latest-posts__post-title\" href=\"https:\/\/omahsinau.science\/home\/blog\/2022\/04\/06\/koneksi-antar-materi-couching-pendidikan-guru-penggerak\/\">Koneksi antar materi modul 2.3 Couching Pendidikan Guru Penggerak<\/a><\/li>\n<li><a class=\"wp-block-latest-posts__post-title\" href=\"https:\/\/omahsinau.science\/home\/blog\/2022\/04\/05\/koneksi-antar-materi-pembelajaran-sosial-emosional\/\">Koneksi Antar Materi modul 2.2 Pembelajaran Sosial Emosional<\/a><\/li>\n<li><a class=\"wp-block-latest-posts__post-title\" href=\"https:\/\/omahsinau.science\/home\/blog\/2022\/04\/04\/demonstrasi-kontekstual-coaching\/\">Demonstrasi Kontekstual modul 2.3 Coaching<\/a><\/li>\n<li><a class=\"wp-block-latest-posts__post-title\" href=\"https:\/\/omahsinau.science\/home\/blog\/2022\/04\/04\/simulasi-coaching-kasus-2-pgp\/\">Simulasi Coaching Kasus 2 PGP<\/a><\/li>\n<li><a class=\"wp-block-latest-posts__post-title\" href=\"https:\/\/omahsinau.science\/home\/blog\/2022\/02\/07\/budaya-positif\/\">Budaya Positif [\u1d50\u1d58\u1d9c\u02b0\u1d43\u1d50\u1d50\u1d43\u1d48 \u1da0\u1d43\u1d57\u1d9c\u02b0\u1d58\u02b3 \u02b3\u1d52\u1d9c\u02b0\u1d50\u1d43\u207f \u207d\u1d9c\u1d4d\u1d56 \u2074 \u02e2\u2071\u1d48\u1d52\u1d43\u02b3\u02b2\u1d52\u207e]<\/a><\/li>\n<li><a class=\"wp-block-latest-posts__post-title\" href=\"https:\/\/omahsinau.science\/home\/blog\/2021\/08\/17\/pelatihan-keterampilan-guru-di-era-digital\/\">PELATIHAN KETERAMPILAN GURU DI ERA DIGITAL<\/a><\/li>\n<li><a class=\"wp-block-latest-posts__post-title\" href=\"https:\/\/omahsinau.science\/home\/blog\/2020\/05\/15\/menjemput-lailatul-qodar\/\">MENJEMPUT LAILATUL QODAR<\/a><\/li>\n<li><a class=\"wp-block-latest-posts__post-title\" href=\"https:\/\/omahsinau.science\/home\/blog\/2020\/05\/03\/buku-elektronik-vektor\/\">Buku Elektronik Vektor<\/a><\/li>\n<li><a class=\"wp-block-latest-posts__post-title\" href=\"https:\/\/omahsinau.science\/home\/blog\/2020\/04\/30\/tugas-akhir-materi-matriks\/\">Tugas Akhir Materi Matriks<\/a><\/li>\n<li><a class=\"wp-block-latest-posts__post-title\" href=\"https:\/\/omahsinau.science\/home\/blog\/2020\/04\/29\/buku-elektronik-peluang\/\">Buku Elektronik Peluang<\/a><\/li>\n<li><a class=\"wp-block-latest-posts__post-title\" href=\"https:\/\/omahsinau.science\/home\/blog\/2020\/04\/09\/kaidah-pencacahan\/\">TUGAS AKHIR KAIDAH PENCACAHAN<\/a><\/li>\n<li><a class=\"wp-block-latest-posts__post-title\" href=\"https:\/\/omahsinau.science\/home\/blog\/2020\/04\/07\/e-book-bumi\/\">E-book Bumi<\/a><\/li>\n<li><a class=\"wp-block-latest-posts__post-title\" href=\"https:\/\/omahsinau.science\/home\/blog\/2020\/03\/31\/soal-global-warming\/\">Global warming di tahun 2020<\/a><\/li>\n<li><a class=\"wp-block-latest-posts__post-title\" href=\"https:\/\/omahsinau.science\/home\/blog\/2020\/03\/31\/hand-out-pemanasan-global-kelas-7\/\">HAND OUT pemanasan global<\/a><\/li>\n<li><a class=\"wp-block-latest-posts__post-title\" href=\"https:\/\/omahsinau.science\/home\/blog\/2020\/03\/22\/buku-elektronik-matriks\/\">Buku elektronik Matriks<\/a><\/li>\n<li><a class=\"wp-block-latest-posts__post-title\" href=\"https:\/\/omahsinau.science\/home\/blog\/2020\/03\/19\/unduh-e-book-kaidah-pencacahan\/\">Unduh E-Book Kaidah Pencacahan<\/a><\/li>\n<li><a class=\"wp-block-latest-posts__post-title\" href=\"https:\/\/omahsinau.science\/home\/blog\/2019\/12\/07\/unduh-e-book-kalor\/\">Unduh E-book kalor<\/a><\/li>\n<li><a class=\"wp-block-latest-posts__post-title\" href=\"https:\/\/omahsinau.science\/home\/blog\/2019\/12\/07\/soal-latihan-kalor\/\">Soal Latihan Kalor<\/a><\/li>\n<li><a class=\"wp-block-latest-posts__post-title\" href=\"https:\/\/omahsinau.science\/home\/blog\/2019\/09\/18\/fungsi-stasioner\/\">Fungsi Stasioner<\/a><\/li>\n<li><a class=\"wp-block-latest-posts__post-title\" href=\"https:\/\/omahsinau.science\/home\/blog\/2019\/09\/13\/soal-ujian-listrik-dinamis\/\">Soal Ujian Listrik Dinamis<\/a><\/li>\n<li><a class=\"wp-block-latest-posts__post-title\" href=\"https:\/\/omahsinau.science\/home\/blog\/2019\/09\/05\/soal-latihan-fungsi-komposisi-dan-fungsi-invers\/\">Soal Latihan Fungsi Komposisi dan Fungsi Invers<\/a><\/li>\n<li><a class=\"wp-block-latest-posts__post-title\" href=\"https:\/\/omahsinau.science\/home\/blog\/2019\/09\/02\/soal-latihan-persamaan-kuadrat-dan-fungsi-kuadrat\/\">Soal latihan persamaan kuadrat dan fungsi kuadrat<\/a><\/li>\n<li><a class=\"wp-block-latest-posts__post-title\" href=\"https:\/\/omahsinau.science\/home\/blog\/2019\/09\/01\/quiz-kepemimpinan-dan-kelayakan-seorang-pemimpin\/\">Quiz Kepemimpinan dan Kelayakan seorang pemimpin<\/a><\/li>\n<li><a class=\"wp-block-latest-posts__post-title\" href=\"https:\/\/omahsinau.science\/home\/blog\/2019\/08\/31\/quiz-who-am-i\/\">QUIZ WHO AM I?<\/a><\/li>\n<li><a class=\"wp-block-latest-posts__post-title\" href=\"https:\/\/omahsinau.science\/home\/blog\/2019\/08\/27\/buku-elektronik-bahan-ajar-listrik-dinamis-kelas-9-dan-klasifikasi-mh-kelas-7\/\">Buku elektronik bahan ajar listrik dinamis kelas 9 dan klasifikasi makhluk hidup kelas 7<\/a><\/li>\n<li><a class=\"wp-block-latest-posts__post-title\" href=\"https:\/\/omahsinau.science\/home\/blog\/2019\/08\/26\/besaran-dan-satuan\/\">Besaran dan Satuan<\/a><\/li>\n<li><a class=\"wp-block-latest-posts__post-title\" href=\"https:\/\/omahsinau.science\/home\/blog\/2019\/08\/23\/soal-ujian-listrik-dinamis-sesi-1\/\">SOAL UJIAN LISTRIK DINAMIS\u00a0 Sesi 1<\/a><\/li>\n<li><a class=\"wp-block-latest-posts__post-title\" href=\"https:\/\/omahsinau.science\/home\/blog\/2019\/08\/21\/omahsinau-online\/\">Tentang OmahSinau<\/a><\/li>\n<li><a class=\"wp-block-latest-posts__post-title\" href=\"https:\/\/omahsinau.science\/home\/blog\/2019\/08\/20\/metode-pembelajaran\/\">Metode Pembelajaran<\/a><\/li>\n<li><a class=\"wp-block-latest-posts__post-title\" href=\"https:\/\/omahsinau.science\/home\/blog\/2019\/08\/20\/belajar-di-kapanpun-dimanapun-dengan-perangkat-apapun\/\">Belajar Kapanpun, Dimanapun dengan Perangkat Apapun<\/a><\/li>\n<li><a class=\"wp-block-latest-posts__post-title\" href=\"https:\/\/omahsinau.science\/home\/blog\/2019\/08\/20\/untuk-generasi-milenial\/\">Untuk Generasi Milenial<\/a><\/li>\n<li><a class=\"wp-block-latest-posts__post-title\" href=\"https:\/\/omahsinau.science\/home\/blog\/2019\/08\/20\/tujuan-kedepan\/\">Tujuan Kedepan<\/a><\/li>\n<\/ul>","protected":false},"excerpt":{"rendered":"","protected":false},"author":1,"featured_media":0,"parent":0,"menu_order":0,"comment_status":"closed","ping_status":"closed","template":"","meta":{"footnotes":""},"class_list":["post-524","page","type-page","status-publish","hentry"],"_links":{"self":[{"href":"https:\/\/omahsinau.science\/home\/wp-json\/wp\/v2\/pages\/524","targetHints":{"allow":["GET"]}}],"collection":[{"href":"https:\/\/omahsinau.science\/home\/wp-json\/wp\/v2\/pages"}],"about":[{"href":"https:\/\/omahsinau.science\/home\/wp-json\/wp\/v2\/types\/page"}],"author":[{"embeddable":true,"href":"https:\/\/omahsinau.science\/home\/wp-json\/wp\/v2\/users\/1"}],"replies":[{"embeddable":true,"href":"https:\/\/omahsinau.science\/home\/wp-json\/wp\/v2\/comments?post=524"}],"version-history":[{"count":6,"href":"https:\/\/omahsinau.science\/home\/wp-json\/wp\/v2\/pages\/524\/revisions"}],"predecessor-version":[{"id":599,"href":"https:\/\/omahsinau.science\/home\/wp-json\/wp\/v2\/pages\/524\/revisions\/599"}],"wp:attachment":[{"href":"https:\/\/omahsinau.science\/home\/wp-json\/wp\/v2\/media?parent=524"}],"curies":[{"name":"wp","href":"https:\/\/api.w.org\/{rel}","templated":true}]}}